
13
Let y(r) = -r**2 + 3*r + 4. Suppose 3*t - 6*t + 9 = 0. What are the prime factors of y(t)?
2
Let u be (-2)/(-10) - 24/20. Let l be 1 - (-26 - u/(-1)). Suppose 0 = 2*r + 4*v - l, 5*r - 1 = 4*v + 27. What are the prime factors of r?
2
Let k be (1 - 0)/((-13)/(-221)). Suppose 98 = -0*c + 5*c + 3*g, c - 2*g = k. What are the prime factors of c?
19
Suppose -2*h - 3*h = -910. What are the prime factors of h?
2, 7, 13
Let j(o) = o**3 - 17*o**2 + 20*o - 3. What are the prime factors of j(16)?
61
Suppose -2*w + 6*w - 60 = 0. What are the prime factors of w?
3, 5
Let r be 16/10*5/2. Suppose -4*o + 47 = -p, 33 = o - 0*p + r*p. List the prime factors of o.
13
Let w = 20 + -22. What are the prime factors of w/7 - 3546/(-63)?
2, 7
Let n be -3 - (-2 - -1)*-13. Let f = n - -25. List the prime factors of f.
3
Suppose 4*c - 15 - 1 = 0. Suppose -2*n + 11 + 51 = -c*a, 2*n + a = 72. What are the prime factors of n?
5, 7
Suppose 3*z + 3 = 9. What are the prime factors of (-22 - -5)*(1 - z)?
17
Let f(r) = -r**2 + 12*r - 5. List the prime factors of f(10).
3, 5
Let c = 43 - -38. What are the prime factors of c?
3
Let m(i) = i**2 - 2*i - 8. Suppose 5*k = 5*n + k - 36, 21 = 2*n + 5*k. Let l be m(n). Suppose 8*h = 4*h + l. List the prime factors of h.
2, 5
Let x = 4 - 1. Suppose 2*p - x*p + 2 = 0. Suppose -3*g = p*g - 30. List the prime factors of g.
2, 3
Let d(n) = 10 - 1 - n - 7*n**2 - 3*n**3 + 2*n**3 - n. Let m be d(-7). Let x = 38 - m. List the prime factors of x.
3, 5
Let s = 63 - -37. Let l be (6/(-5))/((-6)/s). Suppose -4*w = w - l. List the prime factors of w.
2
Suppose -2*f - t = -6*t - 74, 4*f + t - 170 = 0. Suppose 0 = -0*c + 2*c - f. List the prime factors of c.
3, 7
Let j(q) = 2*q**3 - 3*q**2 + 2*q. List the prime factors of j(2).
2
Let j be (-10)/4 - (-12)/24. Let b = 4 - j. List the prime factors of b.
2, 3
Let p(x) = 3*x - 5. Suppose -3*y - 10 = -3*g + 2*y, -g + 5*y + 10 = 0. Let q be (4 - 9)/(-1 + g). List the prime factors of p(q).
2, 5
Let c be 0 + -1 - -3 - -47. Let n = c + -9. Suppose n = 3*d + p, 0*d = -d - 2*p + 10. List the prime factors of d.
2, 7
Let s = -4 - -9. List the prime factors of (165/(-12))/s*-4.
11
Suppose -30*s = -33*s + 30. List the prime factors of s.
2, 5
Let o = -18 - -20. Suppose o*u = -11 + 41. What are the prime factors of u?
3, 5
Let s(z) = z - 2. Let x be s(3). What are the prime factors of x - (-16 + 1 + 1)?
3, 5
Let n = -4 + 8. Suppose n*z - 1 - 7 = 0. Suppose -z*h + 6*h = 16. What are the prime factors of h?
2
Let n = -13 - -45. List the prime factors of n.
2
Let q = 4 + 67. What are the prime factors of q?
71
Suppose 5*g = -2*g + 588. List the prime factors of g.
2, 3, 7
Suppose 15 = 3*s + 2*s. Suppose -6 + s = 3*c. List the prime factors of 23/2 + c/2.
11
Let s = -1 + -24. What are the prime factors of (-1 + 3)*(1 - s)?
2, 13
Let i be (-42)/(-9) - 2/3. Suppose -i*k + 15 = -3*k. List the prime factors of k.
3, 5
Let l(s) be the first derivative of 3*s**2/2 - 5*s - 1. Let w(z) = -2*z + 4. Let x be w(0). What are the prime factors of l(x)?
7
List the prime factors of 3/(-15) - 707/(-35).
2, 5
Suppose 9*u = 8*u - 117. What are the prime factors of 18/u + 290/26?
11
Let h = 27 + 46. Suppose 7*m + 3*q = 2*m + h, m + 5*q = 19. Suppose -m = -2*n - 4. List the prime factors of n.
5
Let w = 36 + -19. What are the prime factors of w?
17
Let p = -48 + 85. What are the prime factors of p?
37
Let q be 4/18 - (-104)/18. List the prime factors of 13 + 6/(-3 + q).
3, 5
Let h(w) = w**3 + 6*w**2 - 2*w - 5. Let g be h(-6). What are the prime factors of (0 - -2)*g/2?
7
Suppose 3*p = -4*t + 17, -2*p + 29 = 3*t - 3*p. Let j be t + 0/(6/(-2)). What are the prime factors of ((-6)/j)/(6/(-144))?
2, 3
What are the prime factors of 75/1 - 8/8?
2, 37
Let h = 3 - 4. Let a be (-1)/(4/3 + h). What are the prime factors of (1/a)/((-2)/42)?
7
Let p(o) = 6*o - 10. Let w be p(7). Let q = w - 16. What are the prime factors of q?
2
Let u be (2/4)/(7/84). Let s = u + 8. List the prime factors of s.
2, 7
Let v = 16 - -10. Suppose 0*h + 20 = -4*h, 0 = 2*i + 4*h - v. What are the prime factors of i?
23
Suppose s = -3 + 6, 30 = 3*y + 5*s. Suppose -13 = y*v - 48. What are the prime factors of v?
7
Suppose 4*g - 96 = -w, 4*w - g = 197 + 119. List the prime factors of w.
2, 5
Let r be 2/7 + 435/21. Let a = -18 + 27. What are the prime factors of (r/a)/(3/18)?
2, 7
Let m(r) = -r - 2. Let q be m(-5). What are the prime factors of (12/(-6))/((-2)/q)?
3
Let r be (-6)/(-21) - (-10)/14. Let o = -1 + r. Suppose -h = -o*h - 10. What are the prime factors of h?
2, 5
Let r(s) = 2*s + 0 - 1 - 3. Let b be r(4). Suppose a = -5*g + 23, 2*g = -4*a - b + 24. List the prime factors of a.
3
Suppose 2*m - 4*c = 0, 0 = 3*c - 0*c - 6. List the prime factors of m.
2
Suppose -5*h + 0*h - 10 = 0. Let w = h - -34. What are the prime factors of w?
2
Let j(r) = r**3 + 7*r**2 + 2*r - 4. Let z = 7 - 13. What are the prime factors of j(z)?
2, 5
Let f(i) = i**2 - 3*i - 4. Let n(u) = -u**3 + 7*u**2 + 2*u - 10. Let a be n(7). Let z be f(a). Let r = z + 11. What are the prime factors of r?
11
Suppose b = -o - 3, 0 = -2*o + o + b - 9. Let z = o + 20. What are the prime factors of z?
2, 7
Let r = 9 + -6. Suppose -10 = v - 2*v - 4*h, 5*h + 47 = r*v. What are the prime factors of v?
2, 7
Let j(r) = 0*r - r + 11*r**3 - 16*r**2 + 17*r**2. Suppose 0*l = -4*o + l + 4, 5*o - l - 5 = 0. What are the prime factors of j(o)?
11
Let h(j) = -j**3 + 7*j**2 + j + 1. Let d be h(7). Suppose -3*k = -d*k + 100. List the prime factors of k.
2, 5
Let f be -2 - -2*(-6)/(-4). Let b(o) = -o. Let y(j) = 2*j + 1. Let w(p) = f*y(p) + 5*b(p). What are the prime factors of w(-3)?
2, 5
Let p be 0 - -1 - (-30 - 2). Let y be (-1722)/(-33) + (-6)/p. Suppose 0 = -0*l - 4*l + y. List the prime factors of l.
13
Let s(u) = u**3 - 4*u**2 - u + 1. Let j be s(4). Let r be j*1*(2 - 3). Let g = 11 + r. What are the prime factors of g?
2, 7
Let h(x) = x**3 + 7*x**2 - 3*x - 7. What are the prime factors of h(-5)?
2, 29
Let n(r) be the first derivative of 1/3*r**3 + 0*r + 2 + 1/2*r**2. What are the prime factors of n(2)?
2, 3
Let p(l) = l + 1. Suppose -3*i - 2*q = 13, -4*q = -4*i + 8 + 8. Let d(t) = -2*t - 3. Let v(f) = i*d(f) - 3*p(f). List the prime factors of v(-3).
3
Suppose 184 = 4*h - 0*h. What are the prime factors of h?
2, 23
Let h = 55 + -19. Suppose h = -6*c + 10*c. What are the prime factors of c?
3
Let x be (-4 + -2)/((-6)/4). Let i = -2 + x. Let u(a) = 4*a - 2. What are the prime factors of u(i)?
2, 3
Suppose -5*o + 311 = 2*s, -5*o + 199 = 5*s - 571. What are the prime factors of s?
3, 17
Suppose -v + 1 = 2, 35 = -3*t + 4*v. Let r(h) = h**2 + 11*h. What are the prime factors of r(t)?
2, 13
Suppose -m = 3*d - 0*m - 15, d - m - 5 = 0. Let c(a) = 3 + a - 1 - 2 - 1. What are the prime factors of c(d)?
2
Let o be 4/(-22) + 8/44. Suppose o = -2*n - 2*n + 28. Suppose 3*b - 49 = -n. What are the prime factors of b?
2, 7
Let f(g) = 3*g**2 + 6*g - 5. Let p = 9 - 14. List the prime factors of f(p).
2, 5
Let n(k) = -k**3 + 2*k - 5. What are the prime factors of n(-3)?
2
Let c be (-2)/(-6) - (-28)/6. Let f(z) = -z**2 - 27*z - 12. Let i be f(-23). Suppose -c*b + 9*b - i = 0. What are the prime factors of b?
2, 5
What are the prime factors of ((-16)/(-20))/(3/(465/2))?
2, 31
Let c(m) = -m**3 - 5*m**2 - 8*m - 5. What are the prime factors of c(-5)?
5, 7
Suppose 0*c + c = -3*h + 7, -2*c = -h + 7. List the prime factors of ((-76)/(-6))/(2/h).
19
Suppose -596 = -4*a + 3*k - 4*k, 0 = -5*a + 5*k + 745. What are the prime factors of a?
149
Let a = 41 + -9. What are the prime factors of a?
2
Suppose -3*b - 3*g + 21 = 0, -4*b - 3*g + 29 + 2 = 0. What are the prime factors of b?
2, 5
Let b(k) = -k - 6. Let l be b(-8). What are the prime factors of 11/l - 9/(-6)?
7
Suppose 0 = 5*n + v - 335, 2*n - 3*v = 115 + 36. List the prime factors of n.
2, 17
Let r = 0 + 460. List the prime factors of r/24 + (-2)/12.
19
Let z = -12 - -74. What are the prime factors of z?
2, 31
Let l be -2 + (6 - -1) + -3. List the prime factors of (-3)/(l + 1) - -14.
13
Let m(c) = -12*c**2 + 5*c + 3. Let k(o) = 6*o**2 - 3*o - 2. Let i(b) = -5*k(b) - 3*m(b). What are the prime factors of i(-1)?
7
Suppose 2*d + 0*d = -2*y + 124, 4*d + 200 = 3*y. What are the prime factors of y?